/1 + 1. Suppose -2*b + 3*y - 55 = -3*b, b + 4*y = a. What is the units digit of b?
0
Suppose 48*q + 23976 = 56*q. Suppose 0 = 5*o + 4*o - q. What is the hundreds digit of o?
3
Suppose 4*z - 3*a = -11, -5*z - 2 = -3*z + 2*a. Let u be ((-6)/z)/(-2*9/(-30)). Suppose -b + 289 = u*i - 3*i, 2*b + 430 = 3*i. What is the tens digit of i?
4
What is the thousands digit of (((-3)/4)/(39/962))/((-3)/3108)?
9
What is the tens digit of 6385 - (3 + 336/(-36) + 3/9)?
9
Let v(i) = -389*i - 42. Let o be v(-58). What is the tens digit of o/16 - 18/12?
0
Let a = -17897 + 18360. What is the tens digit of a?
6
Let w = -306 + 229. Let m = w + 345. What is the units digit of m?
8
Let r = -15 - -13. Let t be (-64)/((-4 - r)*1). What is the units digit of 488/t - (-1)/(-4)?
5
Let y be (3/(-2))/((-3)/124). Suppose v = -4*o + 10, 4*v + 4*o = 16 + 12. What is the units digit of (y/v)/((-12)/(-72))?
2
Suppose -7 = -2*i - 4*p - 223, p - 96 = i. Let k = i - -170. Let v = 104 - k. What is the units digit of v?
4
What is the hundreds digit of 456*10/80*1245?
9
Suppose -4*z + 5*a + 86882 = 0, 98*z - 4*a + 21689 = 99*z. What is the ten thousands digit of z?
2
Let n be (-4)/22 - (-3)/((-198)/(-15522)). Let k = n - 79. What is the tens digit of k?
5
Let z = -32 + 40. Let j be 1/(-4) - z/(64/(-42)). Suppose 4*n = -2*f + 194, -f - 241 = -j*n - 9. What is the tens digit of n?
4
Let g = 138 - 237. Let c = 363 + g. What is the hundreds digit of c?
2
Let h be (-1)/(5*4/1420). Let m = h + 71. Suppose -3*n = 2*n - y - 130, 2*n - 5*y - 52 = m. What is the tens digit of n?
2
Let u = 10022 - 6849. What is the hundreds digit of u?
1
Let w be 1*832 - ((5 - 4) + 1). Let k = -434 + w. What is the tens digit of k?
9
Let l(o) = -o**3 + 7*o**2 + 4*o - 2. Let c be l(6). Suppose -54*p = -c*p + 76. What is the tens digit of 82*p/8 + (-15)/20?
9
Suppose 0 = 290*q - 5750393 - 3409128 + 3432311. What is the ten thousands digit of q?
1
Suppose 87*b + 48248 = 5*o + 88*b, -5*o + 2*b = -48254. What is the tens digit of o?
5
Suppose 3*z = -z + 32. Let g(h) = h**3 + 2*h**2 - 10*h - 41. What is the units digit of g(z)?
9
Suppose -11*v = -6*v - 15. Suppose 0 = -2*j, -2 = -r - v*j - 4. What is the hundreds digit of (-16)/8 - (-181 + r + 1)?
1
Let l(p) = p**2 + 9*p - 29. Let b be l(-12). Suppose 2*m + 1122 = 4*s, -2*s + 4*m + 573 = b*m. What is the hundreds digit of s?
2
What is the thousands digit of 6/(48/(-10)) - (-1092147)/28?
9
Let c be 1/3 + (-6798)/(-18). Let z = c - 224. Let h = 284 - z. What is the units digit of h?
0
Let h(x) = -x + 2. Let d be h(-3). Suppose 0 = -5*l + 2*a - 475, 10*a - d*a - 25 = 0. What is the units digit of 1 + -4 - (l + 1)?
9
Suppose -5*s = 3*t - 127484, 196*t = 2*s + 191*t - 50975. What is the thousands digit of s?
5
Suppose 0 = 5*i - 3*b + 70660 - 343544, 2*b = i - 54588. What is the hundreds digit of i?
5
Let s(m) = 193*m**2 + 14*m - 538. What is the units digit of s(14)?
6
Let l(n) = n**3 + 2*n**2 - n + 1043. Suppose 0 = -5*p + 5*w + 15, -3*p + w - 8 + 11 = 0. What is the units digit of l(p)?
3
Suppose 3*k = i + 13083, 0 = -135*i + 138*i + 9. What is the hundreds digit of k?
3
Let w = -64 + 61. Let p be -5*(-4)/(-12)*w. Suppose 0*v + v - 3*t - 156 = 0, -p*t = 25. What is the units digit of v?
1
Let z = -7 - -11. Suppose -5*o + 40 = -5*c, 3*c + 2*c = z*o - 34. Suppose -5*r = -4*t + 543, o*t + 410 = 9*t - r. What is the units digit of t?
7
Let x(h) = h + 27. Let p be x(-15). Suppose -p*m + 1592 = -10*m. Suppose -8*r = -460 - m. What is the tens digit of r?
5
Let r = 123 - 126. Let z be (9/(-6))/(5/(-730)). What is the units digit of (16/(-6) - r)*z?
3
Suppose 12*z + 160 = 7*z. Let d be (z/(-4))/(-4)*-330. Suppose 167*x - 170*x + d = 0. What is the tens digit of x?
2
Suppose 286 = 3*k - 377. Let m(c) = k - 3*c - 221. What is the tens digit of m(-9)?
2
Let u(n) = 90*n - 55. Let c be u(3). Suppose -2*w + 3*p = -326 - c, w = p + 273. What is the tens digit of w?
7
Let x(c) = -100*c + 8. Let m be x(-11). Let n = m + -721. What is the tens digit of n?
8
Suppose 5*f - 4*a - 218 = 0, -3*a + 4*a = 3. Let v be (-62)/(-217) + (-1 - f/14). What is the hundreds digit of (46 - 9)/((-1)/v)?
1
Suppose -7*g + 0 = 21. Let l(k) = 3*k**2 + 7*k - 3. Let b be l(g). What is the tens digit of 4 + -4 - b*-19?
5
What is the units digit of (-34504)/(-17) - (-222)/629?
0
Let c = -56 - -29. Let p be -3*(-159)/(-18)*-2. Let k = c + p. What is the tens digit of k?
2
Suppose x - 18 = f - 7, 5*x + 3*f = 95. Let s be -3 - (-2 - (99 - 0)). What is the tens digit of -1 + 3 + s + x/4?
0
Suppose -965 - 45 = 107*z - 109*z. What is the tens digit of z?
0
Suppose 16*t - 18*t = 4. Let i(y) = 4*y + 7. Let m be i(t). What is the units digit of (-1 + 4*m)/2*-2?
5
Let x = 325 - -118. Suppose 8*a + 163 = x. What is the units digit of a?
5
Let y be (-309)/(-15) + (-4)/(-10). Let n be (-9)/y + 431*(-4)/28. Let z = n + 99. What is the tens digit of z?
3
Suppose -7 = 2*l - 1. Suppose 188*g = 379*g - 186*g + 45. What is the units digit of l/(g/282) - 4?
0
Let f(m) = 219*m**2 - 4 - 96*m**2 - 4*m + 211*m**2. Let z be f(-2). Suppose -6*v + z = -94. What is the tens digit of v?
3
Let n(i) = -5*i**3 - 10*i**2 - 2*i + 24. Let r(k) = 6*k**3 + 9*k**2 + 2*k - 23. Let c(s) = -5*n(s) - 4*r(s). What is the tens digit of c(-8)?
4
Let s = -824 - -1242. Let o = s + -171. What is the units digit of o?
7
Let t = 13 + -13. Suppose -1 = -2*g + 3*k, 1 - 4 = -2*g + 5*k. What is the units digit of 78 + (g + 4 - t)?
1
Let k(q) = 34*q**2 + 47*q - 905. What is the tens digit of k(28)?
6
Let s be 102/5 + 36/(-90). Let n be (-2583)/(-6)*s/30. Suppose 0 = -k + 5*i + n, 0*k = -2*k - 4*i + 532. What is the hundreds digit of k?
2
Suppose -20 = 5*s, 3*s + 2 = -5*n - 10. Suppose n = -10*v + 4990 - 270. What is the units digit of v?
2
Suppose 0 = 5*y + 5*t - 925, 3*t - 374 = y - 3*y. Suppose 885 = -178*f + y*f. What is the units digit of f?
5
Suppose -73*v + 80*v = 378. Suppose -4*o - 3*u + v = 0, 5*o - u - 70 = -6*u. What is the units digit of o?
2
Suppose 0 = b - 4*c - 6556, -180*b + 178*b + 5*c + 13106 = 0. What is the tens digit of b?
4
Let j = 6055 - 5245. What is the tens digit of j?
1
Let v(z) = 7*z + 80. Let a be v(13). Suppose -5*y + a = h, -9*y + 5*y + 160 = -5*h. What is the tens digit of y?
3
Let k(o) = 83*o - 80. Let s be k(7). What is the hundreds digit of (-4)/14 + s*(-5)/(-21)?
1
Suppose -543*s + 205 + 87 = -251. Let z be 0 - (1 + -1) - 52. What is the hundreds digit of 13/z*4*s*-282?
2
What is the units digit of 3/(-12) + 595/3*(-792)/(-352)?
6
Let m be -4*(-2)/36 - 331/(-9). Let v = 43 - m. Suppose -525 = -a - v*a. What is the units digit of a?
5
Let f(d) = -2*d**3 + 25*d**2 - 33*d - 599. What is the tens digit of f(-15)?
7
Let d = 30 - -6. Let r = d - 49. Let v = 138 + r. What is the tens digit of v?
2
Suppose -35*y + 34*y + 26917 = 5*t, 134666 = 5*y - 2*t. What is the ten thousands digit of y?
2
Let p(c) = c**3 + 31*c**2 - 26*c + 172. Let b be p(-32). What is the tens digit of ((-76)/b + -2)/((-3)/(-165))?
9
Let h be 0/(10 - 5) + -4. What is the hundreds digit of -1 + 14455/20 + (-1)/h?
7
Let f(q) = q**3 - 16*q**2 - q - 12. Let k(w) = -7*w - 25. Let x be k(-6). Let a be f(x). Let o = -110 + a. What is the units digit of o?
0
Suppose -14112142 = -93*d - 101*d. What is the tens digit of d?
4
Let f = -26437 - -28695. What is the thousands digit of f?
2
Let k be -4*(-2)/(-4) + 2 - -10. What is the tens digit of 6995/k + -2*1/4?
9
Suppose 0*x - x + 19 = 3*i, 5*x = 5*i - 25. Suppose -i*f + 28 - 10 = 0. Suppose f*u - 391 = 23. What is the tens digit of u?
3
Let r(q) = 32*q + 4. Let d be r(-3). Let z be ((-12)/10)/((-6)/45). Let x = z - d. What is the units digit of x?
1
Let y(l) = -57*l - 179. Let n(g) = -4*g**2 - 4*g + 6. Let b be n(2). What is the hundreds digit of y(b)?
8
Let r(c) = 24*c - 103. Let h = -119 - -131. What is the units digit of r(h)?
5
Let k(u) = 2*u - 4*u + 19 - 2*u + 6*u. Let p be k(-7). Suppose 7*w + 3*l - 95 = 2*w, -89 = -4*w - p*l. What is the tens digit of w?
1
Suppose -n + 50 = -10. Let c(a) = -55*a + 558. Let r be c(9). What is the hundreds digit of 4/(n/25)*r?
1
Suppose -51*r - 18 = -54*r. Suppose -r*o = -84 - 108. What is the tens digit of o?
3
Suppose -4*b + 12 = 4*o - 2*b, -5*b = -o + 3. Suppose 0 + 2 = 2*p + o*q, -q +